is divided by v(l).
13
Let i = 3 + -1. Calculate the remainder when 82 is divided by i/3*252/8.
19
Suppose 0 = -2*p + 3*p - 4*l + 8, -p = l - 2. Let c(g) = -g**2 + g + 5. What is the remainder when 7 is divided by c(p)?
2
Let i(b) = -b**3 - 22*b**2 + 21*b + 9. What is the remainder when i(-23) is divided by 22?
11
Let a(o) = -7*o**2 - 5*o - 8. Let x be a(-4). Let s = -55 - x. Calculate the remainder when s is divided by 17.
11
Let i = 238 + -230. Let a = 1 - -2. Suppose -a*n - 90 = -4*m, -2*n + 16 = 2*m - 22. Calculate the remainder when m is divided by i.
5
Suppose -5*i + 1120 = -5. Suppose 50 = y - 5*s, 5*s = 3*y + 3*s - 85. Suppose -i = -y*r + 20*r. Calculate the remainder when r is divided by 12.
9
Let t = 20 - 17. Let y = -1 + t. Calculate the remainder when 151/y - (-1)/2 is divided by 26.
24
Suppose 3*i = -i - 2*s - 224, -3*s = 12. Let b = i - -165. What is the remainder when b is divided by 14?
13
Suppose 38*z = 40*z - 20. What is the remainder when 39 is divided by z?
9
What is the remainder when ((-9)/(-6))/(3/1120) is divided by 142?
134
Suppose o - 2*o = 3*u - 6, -4*u + 6 = 2*o. Suppose -v - 53 = -3*f, 2*f = -0*v + u*v + 33. Calculate the remainder when f is divided by 11.
7
Let d = 1 + 4. Suppose -4*z = -97 + d. Let v(o) = o**2 + 3*o + 2. What is the remainder when z is divided by v(-4)?
5
Let w(y) = -13*y - 28. Calculate the remainder when w(-8) is divided by 4.
0
Let o(m) = m**2 + m - 2. Let k = 24 + -17. Let d = k - 11. Calculate the remainder when 16 is divided by o(d).
6
Suppose 0 = 4*y - 67 - 129. Calculate the remainder when y is divided by 26.
23
Suppose 19*c - 78 = 16*c. Let z = c + -27. What is the remainder when 7 - (8/z)/2 is divided by 4?
3
Let u be 62/(-10) + 10/50. What is the remainder when 63 is divided by (2/u)/(1/(-99))?
30
Let h(b) = -34*b + 23*b - 23*b - 1 - 22*b. Let w(z) = 4*z**2 - 11*z + 4. What is the remainder when h(-1) is divided by w(3)?
6
Suppose 0 = l + 2*g + 10, g + 3*g + 24 = -4*l. Calculate the remainder when -1*(-272)/14*42/12 is divided by l/2*46/(-2).
22
Suppose -18 = 13*q - 22*q. What is the remainder when 88 is divided by q?
0
Suppose 5*z = 4*y + 44, 3*y = -z + 3*z - 12. Calculate the remainder when 71 is divided by z.
11
Suppose -3*k = -221 - 55. What is the remainder when k is divided by 48?
44
Suppose -3*k + 2*k = 2*l - 8, -4*k = l - 18. Suppose 10 = k*h - 150. Calculate the remainder when 238 is divided by h.
38
Suppose -4*s + 36 = -2*d, -4*d = -10*s + 5*s + 45. Calculate the remainder when 23 is divided by s.
5
Suppose 0 = 6*g - 4*g + 120. Let s be (-1)/((-62)/g - 1). What is the remainder when ((-12)/(-10))/((-6)/s) is divided by 5?
1
Let o be (-3 - -3)*(4 - 3). Suppose 5*m - 44 = 2*x, o = x - 3 - 0. Suppose -4*i - 2*q + 142 = i, -3*i = -5*q - 79. What is the remainder when i is divided by m?
8
Let a(y) = -24*y**2 + 2*y - 1. Let l be a(2). Suppose -2*j + 58 + 2 = 0. Calculate the remainder when j is divided by l/(-12) - (-2)/8.
6
Let m = 102 + -87. What is the remainder when -53*(6/3 + 3/(-1)) is divided by m?
8
Suppose -r + 2 = 0, 0 = -t - r - r + 11. Let i = -8006 - -8017. What is the remainder when i is divided by t?
4
Suppose 0 = 7*q - 32 + 4. Suppose 0 = 3*h - q*g - 37, -g - 20 = -3*h + 23. What is the remainder when 59 is divided by h?
14
Let t = 31 - 27. Suppose 5*q = 3*c - 8*c + 65, -t*c = -4*q + 44. Calculate the remainder when 4030/90 - (-2)/9 is divided by q.
9
Let y(s) be the first derivative of -3*s**2/2 - 20*s + 30. What is the remainder when 15 is divided by y(-8)?
3
Suppose -11 = 5*u - 121. Let y = 541 + -481. Calculate the remainder when y is divided by u.
16
Suppose -344 = 58*u - 169*u + 100. Suppose -q = -4*q + 42. Calculate the remainder when q is divided by u.
2
Suppose 132 = 11*o - 5*o. Suppose -3*p = -4*i + 7, 0 = -3*i + p + 6 - 2. Let f = o + i. Calculate the remainder when 67 is divided by f.
21
Let m(g) = g**3 - 3*g**2 - 6*g + 2. What is the remainder when 54 is divided by m(5)?
10
Let s(g) = 9*g - 6. Let v be s(8). Suppose 5*c - v = 64. Calculate the remainder when 75 is divided by c.
23
Suppose -15*n + 84 = -8*n. What is the remainder when 369 is divided by n?
9
Let u = 9 - -580. Calculate the remainder when u is divided by 37.
34
Let u(f) = -f**3 + 6*f**2 + 8*f - 1. Let g = 7 - 3. Suppose g*t + 4*c = 32, -13 + 55 = 5*t + 4*c. Calculate the remainder when t is divided by u(7).
4
Let p be (-2)/(1/(-4) - (-4)/(-48)). Suppose p*q - 20 = 4. What is the remainder when q is divided by 3?
1
Suppose 4 = -4*z + 8*z. Suppose o + z = -l, -4*o = -l - 3*l + 20. Calculate the remainder when 12 is divided by l.
0
Let c be 1/1 + (-142 - -2). Let w = 196 + c. Calculate the remainder when w is divided by (-5)/(301/(-42) - -7).
27
Let s = 30 + -28. Suppose -38 = -t - 2*h, -s*h = -2*t - 4*h + 86. Calculate the remainder when t is divided by 25.
23
Let k be 1*9/((-45)/(-10)). Suppose 0 = 2*c + 2*c, -x + 41 = -2*c. Calculate the remainder when x is divided by (0 + -6)/(k/(-7)).
20
Let r(h) = h**3 - 3*h**2 - 2*h - 1. Let u = -27 + 12. What is the remainder when r(5) is divided by (-111)/(-9) + 20/u?
6
Suppose 2 = -h + 23. Calculate the remainder when 37 is divided by h.
16
Suppose -10 = 3*u - 40. Suppose -y - h + 32 = u, -4*y = 5*h - 84. Calculate the remainder when y is divided by 15.
11
Let b = -46 + 54. Calculate the remainder when (-2)/1 - (-16)/1 is divided by b.
6
Let j(p) = 2*p**3 + 3*p**2 - p - 2. Let i be j(-2). What is the remainder when 24 is divided by 1/((-2)/(-18)) + i?
4
Let b = 911 + -891. Calculate the remainder when 31 is divided by b.
11
Let p = -309 + 588. What is the remainder when p is divided by 20?
19
Suppose -2*p - 2*n = -10, 3*p - 7 = -0*n + n. Suppose 62 = p*k + 17. Suppose -92 = 5*s - 312. What is the remainder when s is divided by k?
14
Suppose z - 11 - 20 = 0. Suppose 4*d + 3*h - 20 = 0, 4*d + d + 3*h - 28 = 0. What is the remainder when z is divided by d?
7
Suppose 1018 = 7*a - 1593. What is the remainder when a is divided by 8?
5
Let l = 100 + -95. Let k(o) = -o**3 + 7*o**2 - 4*o + 1. Calculate the remainder when k(6) is divided by l.
3
Suppose -5*x = -w + 284, 7*w + 2*x - 556 = 5*w. Calculate the remainder when w is divided by 14.
13
Let v(y) = -y**3 + 21*y**2 - 20*y - 6. Let s be v(20). Let i = 27 + s. What is the remainder when 80 is divided by i?
17
Let p = -48 + 40. Calculate the remainder when 44 is divided by 384/p*(-2)/4.
20
Let s(k) = k**3 + 21*k**2 - 23*k - 8. Let j be s(-22). Let q = 28 - j. Calculate the remainder when 26 is divided by q.
12
Suppose -4*k - 4*o + 32 = 0, 11*k - 15*k + 47 = o. Suppose -2*j = a - j - 61, 3*a - 5*j - 191 = 0. Calculate the remainder when a is divided by k.
10
Suppose 206 = 2*i + 2. What is the remainder when i is divided by 65?
37
Let o = 471 - 189. Calculate the remainder when o is divided by 15.
12
Suppose 2*h + 1 = 5. Suppose -7*s = -h*s. Suppose 4*b - 3*x - 2*x - 76 = 0, s = 5*b - 5*x - 95. Calculate the remainder when 35 is divided by b.
16
Suppose -5*z = -44 - 26. Suppose z - 69 = -5*g. Calculate the remainder when -1 + 6 - (-59 - -45) is divided by g.
8
What is the remainder when 34 is divided by (35 + -43)/(4/(-5))?
4
Let i be (2 - -3)*(-98)/(-5). Suppose -358 = -6*c + i. Calculate the remainder when c/(-6)*(-9)/6 is divided by 5.
4
Let q be (-43)/(-2) + (-16)/(-32). Suppose p + q = w, -8*p + 68 = 2*w - 4*p. What is the remainder when 48 is divided by w?
22
Suppose -43*d = -45*d + b + 205, -4*d + 406 = 2*b. Let a(h) = 3*h. Calculate the remainder when d is divided by a(7).
18
Let t be ((-4 - -7)/3)/((-1)/(-67)). Let c = t - 41. Calculate the remainder when c is divided by 24.
2
Let k = 659 + -372. Suppose 6*i - k = -i. Let u = -18 + i. What is the remainder when u is divided by 14?
9
Let c(j) = j**3 + 10*j**2 + 3*j + 49. Calculate the remainder when 466/14 + (-10)/35 is divided by c(-10).
14
Let y(r) = -r**3 - 2*r**2 + 2*r - 3. Let d be y(-3). Suppose h + d*h = 7. Let c(g) = 2*g + 8. Calculate the remainder when c(5) is divided by h.
4
Suppose -2*q + 3*h + 119 = -49, -4*q + 296 = 4*h. What is the remainder when q is divided by ((-60)/(-14))/((-46827)/1204 - -39)?
38
Suppose 5*o - 3*j - 1033 = 0, 3*o + 2*o = -4*j + 1026. Suppose 5*h + 934 = 1049. What is the remainder when o is divided by h?
22
Su